{"id":35,"date":"2025-06-28T19:12:29","date_gmt":"2025-06-28T17:12:29","guid":{"rendered":"https:\/\/akupunktura-sls.sk\/?page_id=35"},"modified":"2025-07-18T20:38:05","modified_gmt":"2025-07-18T18:38:05","slug":"organizacna-struktura","status":"publish","type":"page","link":"https:\/\/akupunktura-sls.sk\/?page_id=35","title":{"rendered":"Organiza\u010dn\u00e1 \u0161trukt\u00fara"},"content":{"rendered":"\n<h2 class=\"wp-block-heading has-text-align-center\"><strong>Slovenskej spolo\u010dnosti akupunkt\u00fary org. zlo\u017eky Slovenskej lek\u00e1rskej spolo\u010dnosti:<\/strong><\/h2>\n\n\n\n<h3 class=\"wp-block-heading has-text-align-center\"><strong>V\u00fdbor SSA o.z. SLS&nbsp;&nbsp;&nbsp;volebn\u00e9 obdobie&nbsp;&nbsp;r. 2021-2025:<\/strong><\/h3>\n\n\n\n<p><strong>MUDr. Vladim\u00edr Balogh,<\/strong>&nbsp;&nbsp;Prezident SSA o.z. SLS,&nbsp;<\/p>\n\n\n\n<p><a href=\"mailto:vlado.balogh@gmail.com\">vlado.balogh@gmail.com<\/a><\/p>\n\n\n\n<p><strong>MUDr. Daniel Dar\u00e1\u0161,<\/strong>&nbsp;Vedeck\u00fd sekret\u00e1r,<\/p>\n\n\n\n<p><a href=\"mailto:daras.daniel@gmail.com\">daras.daniel@gmail.com<\/a>\u00a0<\/p>\n\n\n\n<p><strong>MUDr. Katar\u00edna Svitkov\u00e1, PhD<\/strong>, Styk so zahrani\u010dn\u00fdmi organiz\u00e1ciami a ICMART,<\/p>\n\n\n\n<p><a href=\"mailto:katysvitkova@gmail.com\">katysvitkova@gmail.com<\/a>\u00a0<\/p>\n\n\n\n<p><strong>MUDr. Dagmar Balkov\u00e1,<\/strong>&nbsp;Viceprezident pre vn\u00fatorn\u00e9 z\u00e1le\u017eitosti, kontakt pre SLK,<\/p>\n\n\n\n<p><a href=\"mailto:balkovad@gmail.com\">balkovad@gmail.com<\/a><\/p>\n\n\n\n<p><strong>MUDr. Bibi\u00e1na Bajtekov\u00e1, PhD,<\/strong>&nbsp;&nbsp;Viceprezident pre vzdel\u00e1vanie,&nbsp;<\/p>\n\n\n\n<p><a href=\"mailto:bajtekovab@gmail.com\">bajtekovab@gmail.com<\/a><\/p>\n\n\n\n<p><strong>MUDr. Teodor Rosinsk\u00fd, CSc,<\/strong>&nbsp;Viceprezident pre T\u010cM,&nbsp;&nbsp;<\/p>\n\n\n\n<p><strong>MUDr. Alena Ondrejkovi\u010dov\u00e1, PhD.,<\/strong>&nbsp;\u0160\u00e9fredaktor pre SK \u010das\u0165 \u010dasopisu Akupunkt\u00fara BS, hospod\u00e1r spolo\u010dnosti SSA o.z. SLS, kontakt so SZU, \u010dlen v\u00fdboru,&nbsp;<\/p>\n\n\n\n<p><a href=\"mailto:aondrejk@hotmail.com\">aondrejk@hotmail.com<\/a>\u00a0<br><br><strong>MUDr. Zuzana Semanov\u00e1<\/strong>, <strong>PhD.<\/strong> \u010dlen v\u00fdboru<br><br><a href=\"mailto:zsemanova@centrum.sk\">zsemanova@centrum.sk<\/a><br><br><strong>MUDr. Gabriela M\u00e9sz\u00e1ros<\/strong>, \u010dlen v\u00fdboru<br><br><a href=\"mailto:drmeszarosg@gmail.com\">drmeszarosg@gmail.com<\/a><br><br><strong>MUDr. Alena Pag\u00e1\u010dov\u00e1,<\/strong>\u00a0\u010dlen v\u00fdboru<br><br><a href=\"mailto:alena.pagacova@gmail.com\">alena.pagacova@gmail.com<\/a><\/p>\n\n\n\n<p><strong>MUDr. Katar\u00edna Ko\u017e\u00edkov\u00e1<\/strong>, \u010dlen v\u00fdboru<br><br><a href=\"mailto:kozikovak@gmail.com\">kozikovak@gmail.com<\/a><\/p>\n\n\n\n<p><strong>Dozorn\u00e1 rada:<\/strong>&nbsp;<\/p>\n\n\n\n<p><strong>MUDr. Boris Ivani\u010d, MSc.,<\/strong>&nbsp;predseda Dozornej rady,<\/p>\n\n\n\n<p>Hlavn\u00fd odborn\u00edk MZ SR pre \u0161pecializa\u010dn\u00fd odbor akupunkt\u00fara&nbsp;<\/p>\n\n\n\n<p><a href=\"mailto:ivanicboris@gmail.com\">ivanicboris@gmail.com<\/a><\/p>\n\n\n\n<p><strong>MUDr. Danu\u0161a Sivekov\u00e1,<\/strong>&nbsp;\u010dlen dozornej rady,&nbsp;<\/p>\n\n\n\n<p><a href=\"mailto:sivekova@sivekova.sk\">sivekova@sivekova.sk<\/a><\/p>\n\n\n\n<p><strong>MUDr. Jana \u017dalkovi\u010dov\u00e1,<\/strong>&nbsp;\u010dlen dozornej rady,&nbsp;<\/p>\n\n\n\n<p><a href=\"mailto:j.zalkovicova@gmail.com\">j.zalkovicova@gmail.com<\/a><\/p>\n","protected":false},"excerpt":{"rendered":"<p>Slovenskej spolo\u010dnosti akupunkt\u00fary org. zlo\u017eky Slovenskej lek\u00e1rskej spolo\u010dnosti: V\u00fdbor SSA o.z. SLS&nbsp;&nbsp;&nbsp;volebn\u00e9 obdobie&nbsp;&nbsp;r. 2021-2025: MUDr. Vladim\u00edr Balogh,&nbsp;&nbsp;Prezident SSA o.z. SLS,&nbsp; vlado.balogh@gmail.com MUDr. Daniel Dar\u00e1\u0161,&nbsp;Vedeck\u00fd sekret\u00e1r, daras.daniel@gmail.com\u00a0 MUDr. Katar\u00edna Svitkov\u00e1, PhD, [&hellip;]<\/p>\n","protected":false},"author":1,"featured_media":0,"parent":0,"menu_order":0,"comment_status":"closed","ping_status":"closed","template":"","meta":{"_EventAllDay":false,"_EventTimezone":"","_EventStartDate":"","_EventEndDate":"","_EventStartDateUTC":"","_EventEndDateUTC":"","_EventShowMap":false,"_EventShowMapLink":false,"_EventURL":"","_EventCost":"","_EventCostDescription":"","_EventCurrencySymbol":"","_EventCurrencyCode":"","_EventCurrencyPosition":"","_EventDateTimeSeparator":"","_EventTimeRangeSeparator":"","_EventOrganizerID":[],"_EventVenueID":[],"_OrganizerEmail":"","_OrganizerPhone":"","_OrganizerWebsite":"","_VenueAddress":"","_VenueCity":"","_VenueCountry":"","_VenueProvince":"","_VenueState":"","_VenueZip":"","_VenuePhone":"","_VenueURL":"","_VenueStateProvince":"","_VenueLat":"","_VenueLng":"","_VenueShowMap":false,"_VenueShowMapLink":false,"footnotes":""},"class_list":["post-35","page","type-page","status-publish","hentry"],"_links":{"self":[{"href":"https:\/\/akupunktura-sls.sk\/index.php?rest_route=\/wp\/v2\/pages\/35","targetHints":{"allow":["GET"]}}],"collection":[{"href":"https:\/\/akupunktura-sls.sk\/index.php?rest_route=\/wp\/v2\/pages"}],"about":[{"href":"https:\/\/akupunktura-sls.sk\/index.php?rest_route=\/wp\/v2\/types\/page"}],"author":[{"embeddable":true,"href":"https:\/\/akupunktura-sls.sk\/index.php?rest_route=\/wp\/v2\/users\/1"}],"replies":[{"embeddable":true,"href":"https:\/\/akupunktura-sls.sk\/index.php?rest_route=%2Fwp%2Fv2%2Fcomments&post=35"}],"version-history":[{"count":4,"href":"https:\/\/akupunktura-sls.sk\/index.php?rest_route=\/wp\/v2\/pages\/35\/revisions"}],"predecessor-version":[{"id":139,"href":"https:\/\/akupunktura-sls.sk\/index.php?rest_route=\/wp\/v2\/pages\/35\/revisions\/139"}],"wp:attachment":[{"href":"https:\/\/akupunktura-sls.sk\/index.php?rest_route=%2Fwp%2Fv2%2Fmedia&parent=35"}],"curies":[{"name":"wp","href":"https:\/\/api.w.org\/{rel}","templated":true}]}}